1?
6
What is the tens digit of 20067221?
2
What is the hundred thousands digit of 2933562?
9
What is the hundreds digit of 516100?
1
What is the units digit of 10177087?
7
What is the ten thousands digit of 71608?
7
What is the thousands digit of 3607965?
7
What is the units digit of 194668?
8
What is the tens digit of 434750?
5
What is the units digit of 273350?
0
What is the thousands digit of 9892135?
2
What is the hundreds digit of 385117?
1
What is the thousands digit of 556790?
6
What is the millions digit of 16063094?
6
What is the ten thousands digit of 2751203?
5
What is the tens digit of 11456491?
9
What is the ten thousands digit of 12305000?
0
What is the millions digit of 7815340?
7
What is the thousands digit of 679563?
9
What is the thousands digit of 573444?
3
What is the hundreds digit of 1507343?
3
What is the tens digit of 627099?
9
What is the hundred thousands digit of 2945134?
9
What is the thousands digit of 1234582?
4
What is the hundreds digit of 63904?
9
What is the thousands digit of 2386651?
6
What is the units digit of 9511965?
5
What is the units digit of 109735?
5
What is the tens digit of 1075271?
7
What is the hundreds digit of 8979109?
1
What is the ten thousands digit of 1333490?
3
What is the units digit of 1489932?
2
What is the hundred thousands digit of 420294?
4
What is the thousands digit of 6753977?
3
What is the units digit of 2667581?
1
What is the ten thousands digit of 122429?
2
What is the tens digit of 603267?
6
What is the hundred thousands digit of 365803?
3
What is the thousands digit of 389007?
9
What is the hundred thousands digit of 7110135?
1
What is the thousands digit of 422937?
2
What is the hundred thousands digit of 739616?
7
What is the units digit of 6067489?
9
What is the millions digit of 37622617?
7
What is the hundreds digit of 1026541?
5
What is the tens digit of 474667?
6
What is the thousands digit of 1008402?
8
What is the ten thousands digit of 5737660?
3
What is the hundred thousands digit of 1045941?
0
What is the millions digit of 3299344?
3
What is the hundreds digit of 492965?
9
What is the units digit of 420927?
7
What is the hundred thousands digit of 207203?
2
What is the thousands digit of 1201332?
1
What is the units digit of 1517399?
9
What is the hundreds digit of 1417931?
9
What is the ten thousands digit of 1018345?
1
What is the millions digit of 2029153?
2
What is the units digit of 363064?
4
What is the ten thousands digit of 187719?
8
What is the units digit of 296375?
5
What is the ten thousands digit of 125042?
2
What is the hundred thousands digit of 113592?
1
What is the hundred thousands digit of 236915?
2
What is the hundred thousands digit of 312733?
3
What is the millions digit of 1391884?
1
What is the tens digit of 105484?
8
What is the hundred thousands digit of 230273?
2
What is the tens digit of 971617?
1
What is the thousands digit of 157275?
7
What is the tens digit of 309461?
6
What is the hundred thousands digit of 1237858?
2
What is the thousands digit of 11443469?
3
What is the millions digit of 12421039?
2
What is the units digit of 911240?
0
What is the units digit of 359818?
8
What is the thousands digit of 156556?
6
What is the ten millions digit of 11986308?
1
What is the ten thousands digit of 2123400?
2
What is the tens digit of 3001412?
1
What is the thousands digit of 1303113?
3
What is the hundreds digit of 1907858?
8
What is the ten thousands digit of 77917?
7
What is the tens digit of 217491?
9
What is the hundred thousands digit of 175753?
1
What is the hundred thousands digit of 252900?
2
What is the hundred thousands digit of 175476?
1
What is the units digit of 9769352?
2
What is the hundred thousands digit of 1376453?
3
What is the hundreds digit of 1152451?
4
What is the units digit of 157844?
4
What is the hundreds digit of 413214?
2
What is the hundreds digit of 1463313?
3
What is the millions digit of 1370074?
1
What is the hundred thousands digit of 540912?
5
What is the ten thousands digit of 3038288?
3
What is the hundreds digit of 8981702?
7
What is the ten thousands digit of 14904572?
0
What is the tens digit of 3655655?
5
What is the units digit of 143540?
0
What is the millions digit of 1177265?
1
What is the hundred thousands digit of 552395?
5
What is the millions digit of 1323847?
1
What is the ten thousands digit of 637276?
3
What is the hundreds digit of 176553?
5
What is the thousands digit of 10172948?
2
What is the tens digit of 16190391?
9
What is the thousands digit of 14736556?
6
What is the tens digit of 5169765?
6
What is the hundred thousands digit of 6836276?
8
What is the ten thousands digit of 1246613?
4
What is the ten thousands digit of 170155?
7
What is the units digit of 2425646?
6
What is the ten thousands digit of 285329?
8
What is the tens digit of 22345236?
3
What is the units digit of 536404?
4
What is the tens digit of 296631?
3
What is the millions digit of 9482923?
9
What is the hundred thousands digit of 1087993?
0
What is the millions digit of 1684103?
1
What is the thousands digit of 7703253?
3
What is the tens digit of 2301666?
6
What is the tens digit of 723089?
8
What is the tens digit of 6143146?
4
What is the millions digit of 11296274?
1
What is the hundred thousands digit of 903776?
9
What is the thousands digit of 6078266?
8
What is the ten millions digit of 17316727?
1
What is the hundred thousands digit of 14701040?
7
What is the ten thousands digit of 3825920?
2
What is the thousands digit of 351247?
1
What is the ten thousands digit of 1852875?
5
What is the hundreds digit of 380367?
3
What is the millions digit of 5726991?
5
What is the hundreds digit of 142253?
2
What is the hundreds digit of 30173194?
1
What is the thousands digit of 5424709?
4
What is the hundred thousands digit of 6860344?
8
What is the units digit of 22087390?
0
What is the hundreds digit of 1082823?
8
What is the tens digit of 1571346?
4
What is the millions digit of 1694952?
1
What is the hundreds digit of 95054?
0
What is the thousands digit of 443965?
3
What is the units digit of 408043?
3
What is the tens digit of 332629?
2
What is the tens digit of 1526446?
4
What is the units digit of 8684572?
2
What is the hundreds digit of 3675670?
6
What is the tens digit of 4485050?
5
What is the ten thousands digit of 293571?
9
What is the thousands digit of 1150845?
0
What is the thousands digit of 1228616?
8
What is the units digit of 792836?
6
What is the ten thousands digit of 2088929?
8
What is the tens digit of 394700?
0
What is the hundreds digit of 1262612?
6
What is the ten thousands digit of 109748?
0
What is the units digit of 8330748?
8
What is the ten thousands digit of 27998454?
9
What is the thousands digit of 202865?
2
What is the tens digit of 208584?
8
What is the ten thousands digit of 12200387?
0
What is the hundred thousands digit of 382090?
3
What is the hundreds digit of 330683?
6
What is the tens digit of 4979838?
3
What is the ten thousands digit of 1600413?
0
What is the thousands digit of 681622?
1
What is the millions digit of 3490837?
3
What is the hundreds digit of 1403423?
4
What is the ten thousands digit of 34166223?
6
What is the thousands digit of 498809?
8
What is the hundred thousands digit of 395328?
3
What is the thousands digit of 24206919?
6
What is the ten thousands digit of 7999826?
9
What is the units digit of 495132?
2
What is the thousands digit of 12715705?
5
What is the units digit of 106173?
3
What is the hundred thousands digit of 792318?
7
What is the ten thousands digit of 11678633?
7
What is the ten thousands digit of 11750042?
5
What is the tens digit of 1055851?
5
What is the hundred thousands digit of 777101?
7
What is the hundreds digit of 9200211?
2
What is the thousands digit of 668573?
8
What is the thousands digit of 3526063?
6
What is the millions digit of 1501676?
1
What is the tens digit of 74739?
3
What is the millions digit of 1379431?
1
What is the tens digit of 5303470?
7
What is the thousands digit of 662422?
2
What is the ten thousands digit of 336577?
3
What is the tens digit of 2816818?
1
What is the units digit of 20457612?
2
What is the thousands digit of 560623?
0
What is the units digit of 1913121?
1
What is the million